{"id":357,"date":"2020-05-03T21:38:45","date_gmt":"2020-05-03T19:38:45","guid":{"rendered":"http:\/\/www.psychologie-froehlich.at\/?page_id=357"},"modified":"2022-12-12T17:28:46","modified_gmt":"2022-12-12T16:28:46","slug":"klinisch-psychologische-diagnostik-2","status":"publish","type":"page","link":"https:\/\/www.psychologie-froehlich.at\/?page_id=357","title":{"rendered":"Klinisch-psychologische Diagnostik"},"content":{"rendered":"<h1>Klinisch-psychologische Diagnostik<\/h1>\n<h3>Bei der<b> klinisch-psychologischen Diagnostik<\/b> werden mittels psychologischer Tests, Frageb\u00f6gen und Interviews die psychische Befindlichkeit, die Pers\u00f6nlichkeitsstruktur, sowie Art und Ausma\u00df der psychischen Beeintr\u00e4chtigung und Leistungsf\u00e4higkeit untersucht. Auf Basis der Untersuchungsergebnisse kann \u00fcber eventuell erforderliche Beratungs- und Behandlungsma\u00dfnahmen entschieden werden. Im Anschluss an die Diagnostik wird ein Befund bzw. Gutachten erstellt.<\/h3>\n<p>\t\t\t<svg xmlns=\"http:\/\/www.w3.org\/2000\/svg\" viewBox=\"0 0 81.1 90.9\"><defs><\/p>\n<style>.cls-1{fill:#efa544;}<\/style>\n<p><\/defs><title>aldus<\/title><g id=\"Ebene_2\" data-name=\"Ebene 2\"><g id=\"&#x421;&#x43B;&#x43E;&#x439;_1\" data-name=\"&#x421;&#x43B;&#x43E;&#x439; 1\"><path d=\"M64.3,75.3c-13.5,4.8-21,15.6-30.9,15.6-6.9,0-13.2-3.9-13.2-10.2,0-4,2.4-7.5,6.9-7.5a5.87,5.87,0,0,1,5.7,5.55c0,2.55-1.35,3.45-1.35,5.4,0,1.5,1.35,2.4,3.45,2.4,3.9,0,7.65-4.65,7.65-8.85s-3.3-8.1-6.3-12.75c-2.4-3.6-4.65-7.65-4.65-12.3,0-6.9,4.8-12.6,12.15-12.6a13.82,13.82,0,0,1,11.7,6.6c1.8-2,2.85-6.9,2.55-11.25a7.29,7.29,0,0,1-1.8.15,21.6,21.6,0,0,1-19-11.7,22.85,22.85,0,0,1-2.25,2c-2.85,2.25-6.75,4.35-13.65,4.35C9.1,30.15,2.05,22.5.1,15.6A2.07,2.07,0,0,1,4,14.25c1.35,3.15,4,6.3,10.35,6.3,4.5,0,7.65-2,10.35-3.75,3.15-2.25,6.45-4.95,12.15-4.95a25.35,25.35,0,0,1,24.6,18.9,12.08,12.08,0,0,0,8.7-11.55c0-3.9-2.25-5.85-5.1-6.75s-5.4-2.85-5.4-6.6S62.65,0,66.25,0c6.9,0,11.7,6.9,11.7,13.8A22.37,22.37,0,0,1,62,34.8,28.44,28.44,0,0,1,60.4,46.5a13.71,13.71,0,0,1,8.1-2.55c6.9,0,12.6,5.85,12.6,13.2C81.1,66.9,74.5,71.7,64.3,75.3ZM44.65,19a5.92,5.92,0,0,0-4.5,2,17.54,17.54,0,0,0,16,10.5h1.35C55.9,24.75,50,19,44.65,19Z\"><\/path><\/g><\/g><\/svg><br \/>\n\t\t\t\t\t\t\t\t\t\t<img decoding=\"async\" src=\"https:\/\/www.psychologie-froehlich.at\/wp-content\/uploads\/elementor\/thumbs\/img_diagnostik_stein-op0eud67qx23c7hw9fbzopd93kwu8rmlvkzdo8vb6g.jpg\" title=\"img_diagnostik_stein\" alt=\"img_diagnostik_stein\" \/>\t\t\t\t\t\t\t\t\t\t\t<\/p>\n<h2>Klinisch-psychologische Diagnostik bei Erwachsenen<\/h2>\n<ul>\n<li >\n\t\t\t\t\t\t\t\t\t\tAbkl\u00e4rung der <b>kognitiven Leistungsf\u00e4higkeit<\/b>\n\t\t\t\t\t\t\t\t\t<\/li>\n<li >\n\t\t\t\t\t\t\t\t\t\tArt und Schwergrad der <b>psychischen Erkrankung<\/b>\n\t\t\t\t\t\t\t\t\t<\/li>\n<li >\n\t\t\t\t\t\t\t\t\t\tVerdacht auf <b>affektive St\u00f6runge<\/b>n\n\t\t\t\t\t\t\t\t\t<\/li>\n<li >\n\t\t\t\t\t\t\t\t\t\tVerdacht auf <b>neurotische-, Belastungs<\/b>&#8211; und <b>somatoforme St\u00f6rungen<\/b>\n\t\t\t\t\t\t\t\t\t<\/li>\n<li >\n\t\t\t\t\t\t\t\t\t\tVerdacht auf <b>Pers\u00f6nlichkeitsst\u00f6rungen<\/b>\n\t\t\t\t\t\t\t\t\t<\/li>\n<li >\n\t\t\t\t\t\t\t\t\t\t<b>AD(H)S<\/b>-Diagnostik (bei Erwachsenen)\n\t\t\t\t\t\t\t\t\t<\/li>\n<li >\n\t\t\t\t\t\t\t\t\t\t<b>Verlaufskontrolluntersuchungen<\/b>\n\t\t\t\t\t\t\t\t\t<\/li>\n<li >\n\t\t\t\t\t\t\t\t\t\tAbkl\u00e4rung der <b>Berufs- und Arbeits(un)f\u00e4higkeit<\/b>\n\t\t\t\t\t\t\t\t\t<\/li>\n<li >\n\t\t\t\t\t\t\t\t\t\tAbkl\u00e4rung bei <b>Berufsneuorientierung<\/b>\n\t\t\t\t\t\t\t\t\t<\/li>\n<li >\n\t\t\t\t\t\t\t\t\t\tGutachten <b>Adipositaschirurgie<\/b>\n\t\t\t\t\t\t\t\t\t<\/li>\n<li >\n\t\t\t\t\t\t\t\t\t\tGutachten f\u00fcr die <b>Ausbildung Klinische Psychologie und Gesundheitspsychologie<\/b>\n\t\t\t\t\t\t\t\t\t<\/li>\n<\/ul>\n<h2>\nWie l\u00e4uft eine klinisch-psychologische Diagnostik ab?<br \/>\n<\/h2>\n<p>Die klinisch-psychologische Diagnostik findet in Abh\u00e4ngigkeit von der Fragestellung an zwei bis drei Terminen statt. Nach einem ausf\u00fchrlichen Gespr\u00e4ch kommen standardisierte psychologische Testverfahren (leistungs- und pers\u00f6nlichkeitsdiagnostische Tests bzw. Interviews) zum Einsatz. Abschlie\u00dfend wird ein Befund bzw. Gutachten erstellt und sowohl dem zuweisenden Arzt als auch Ihnen \u00fcbermittelt. Der klinisch-psychologische Befund bzw. das Gutachten beschreibt im Detail die Ergebnisse sowie daraus abgeleitete Empfehlungen.<\/p>\n<h2>Was kostet eine klinisch-psychologische Diagnostik?<\/h2>\n<p>Als Wahlpsychologin f\u00fcr klinisch-psychologische Diagnostik k\u00f6nnen die Kosten f\u00fcr die klinisch-psychologische Diagnostik \u00fcber die gesetzliche Krankenkasse anteilig (80% des Vertragstarifes) refundiert werden. <\/p>\n<p>Voraussetzung daf\u00fcr ist die Zuweisung durch:<\/p>\n<ul>\n<li >\n\t\t\t\t\t\t\t\t\t\tVertragsfach\u00e4rztIn f\u00fcr Psychiatrie\n\t\t\t\t\t\t\t\t\t<\/li>\n<li >\n\t\t\t\t\t\t\t\t\t\tVertragsfach\u00e4rztIn f\u00fcr Neurologie\n\t\t\t\t\t\t\t\t\t<\/li>\n<li >\n\t\t\t\t\t\t\t\t\t\tVertragsfach\u00e4rztIn f\u00fcr Innere Medizin\n\t\t\t\t\t\t\t\t\t<\/li>\n<li >\n\t\t\t\t\t\t\t\t\t\tVertragspsychotherapeutIn\n\t\t\t\t\t\t\t\t\t<\/li>\n<li >\n\t\t\t\t\t\t\t\t\t\tandere Vertragsfach\u00e4rztInnen, Wahl\u00e4rztInnen oder AllgemeinmedizinerInnen mit chef\u00e4rztlicher Bewilligung\n\t\t\t\t\t\t\t\t\t<\/li>\n<\/ul>\n<p>Auf dem Zuweisungsschein m\u00fcssen eine konkrete Fragestellung sowie eine krankheitswertige Verdachtsdiagnose, nach ICD-10 codiert, angegeben sein.<\/p>\n<p>Nach Abschluss der klinisch-psychologischen Diagnostik bezahlen Sie zun\u00e4chst das gesamte Honorar selbst und reichen anschlie\u00dfend die ausgestellte Honorarnote, den \u00e4rztlichen \u00dcberweisungsschein und eine Zahlungsbest\u00e4tigung bei Ihrem Sozialversicherungstr\u00e4ger ein.<\/p>\n<p>F\u00fcr n\u00e4here Infos <a href=\"https:\/\/www.psychologie-froehlich.at\/?page_id=67\">kontaktieren<\/a> Sie mich gerne pers\u00f6nlich.<\/p>\n<h1>Das Gl\u00fcck Deines Lebens h\u00e4ngt von der Beschaffenheit Deiner Gedanken ab.<\/h1>\n<p>Weitere Angebote und Leistungen\u200b<\/p>\n<h2>Klinisch-psychologische Behandlung<\/h2>\n<p>Die klinisch-psychologische Behandlung kann Ihnen dabei Unterst\u00fctzung bieten, einen Weg aus der Krise zu finden und Ihre Bed\u00fcrfnisse, St\u00e4rken und Ressourcen wieder zu entdecken.<\/p>\n<p>\t\t\t<a href=\"https:\/\/www.psychologie-froehlich.at\/?page_id=79\" role=\"button\"><br \/>\n\t\t\t\t\t\tMehr erfahren<br \/>\n\t\t\t\t\t<\/a><\/p>\n<h2>Psychologische Gutachten<\/h2>\n<p>Zu bestimmten Fragestellungen ist es notwendig ein psychologisches Gutachten vorzulegen. Ich biete diese f\u00fcr die Bereiche <strong>Adipositaschirurgie<\/strong> und f\u00fcr die <strong>Zulassung zur Ausbildung Klinische Psychologie und Gesundheitspsychologie<\/strong> an.<\/p>\n<p>\t\t\t<a href=\"https:\/\/www.psychologie-froehlich.at\/?page_id=475\" role=\"button\"><br \/>\n\t\t\t\t\t\tMehr erfahren<br \/>\n\t\t\t\t\t<\/a><\/p>\n<h2>Kontaktieren Sie mich<\/h2>\n<p>Telefonisch oder via E-Mail unter:<br \/>0681\/817 502 18 | <a href=\"mailto:praxis@psychologie-froehlich.at\">praxis@psychologie-froehlich.at <\/a><\/p>\n<p><em>Leopold-Werndl-Stra\u00dfe 18 4400Steyr | <a href=\"https:\/\/goo.gl\/maps\/2X1YpJr41EQ8hghD7\" target=\"_blank\" rel=\"noopener noreferrer\">maps<\/a><\/em><\/p>\n","protected":false},"excerpt":{"rendered":"<p>Klinisch-psychologische Diagnostik Bei der klinisch-psychologischen Diagnostik werden mittels psychologischer Tests, [&hellip;]<\/p>\n","protected":false},"author":1,"featured_media":0,"parent":0,"menu_order":0,"comment_status":"closed","ping_status":"closed","template":"","meta":{"_monsterinsights_skip_tracking":false,"_monsterinsights_sitenote_active":false,"_monsterinsights_sitenote_note":"","_monsterinsights_sitenote_category":0,"footnotes":""},"yoast_head":"<!-- This site is optimized with the Yoast SEO plugin v22.5 - https:\/\/yoast.com\/wordpress\/plugins\/seo\/ -->\n<title>Klinisch-psychologische Diagnostik - Psychologie Lisa Fr\u00f6hlich<\/title>\n<meta name=\"description\" content=\"Die klinisch-psychologischen Diagnostik bietet eine L\u00f6sung mittels psychologischer Tests, Frageb\u00f6gen und Interviews die, die psychische Befindlichkeit, die Pers\u00f6nlichkeitsstruktur, sowie Art und Ausma\u00df der psychischen Beeintr\u00e4chtigung und Leistungsf\u00e4higkeit untersucht.\" \/>\n<meta name=\"robots\" content=\"index, follow, max-snippet:-1, max-image-preview:large, max-video-preview:-1\" \/>\n<link rel=\"canonical\" href=\"https:\/\/www.psychologie-froehlich.at\/?page_id=357\" \/>\n<meta property=\"og:locale\" content=\"de_DE\" \/>\n<meta property=\"og:type\" content=\"article\" \/>\n<meta property=\"og:title\" content=\"Klinisch-psychologische Diagnostik - Psychologie Lisa Fr\u00f6hlich\" \/>\n<meta property=\"og:description\" content=\"Die klinisch-psychologischen Diagnostik bietet eine L\u00f6sung mittels psychologischer Tests, Frageb\u00f6gen und Interviews die, die psychische Befindlichkeit, die Pers\u00f6nlichkeitsstruktur, sowie Art und Ausma\u00df der psychischen Beeintr\u00e4chtigung und Leistungsf\u00e4higkeit untersucht.\" \/>\n<meta property=\"og:url\" content=\"https:\/\/www.psychologie-froehlich.at\/?page_id=357\" \/>\n<meta property=\"og:site_name\" content=\"Psychologie Lisa Fr\u00f6hlich\" \/>\n<meta property=\"article:modified_time\" content=\"2022-12-12T16:28:46+00:00\" \/>\n<meta property=\"og:image\" content=\"https:\/\/www.psychologie-froehlich.at\/wp-content\/uploads\/elementor\/thumbs\/img_diagnostik_stein-op0eud67qx23c7hw9fbzopd93kwu8rmlvkzdo8vb6g.jpg\" \/>\n<meta name=\"twitter:card\" content=\"summary_large_image\" \/>\n<meta name=\"twitter:label1\" content=\"Gesch\u00e4tzte Lesezeit\" \/>\n\t<meta name=\"twitter:data1\" content=\"2\u00a0Minuten\" \/>\n<script type=\"application\/ld+json\" class=\"yoast-schema-graph\">{\"@context\":\"https:\/\/schema.org\",\"@graph\":[{\"@type\":\"WebPage\",\"@id\":\"https:\/\/www.psychologie-froehlich.at\/?page_id=357\",\"url\":\"https:\/\/www.psychologie-froehlich.at\/?page_id=357\",\"name\":\"Klinisch-psychologische Diagnostik - Psychologie Lisa Fr\u00f6hlich\",\"isPartOf\":{\"@id\":\"https:\/\/www.psychologie-froehlich.at\/#website\"},\"primaryImageOfPage\":{\"@id\":\"https:\/\/www.psychologie-froehlich.at\/?page_id=357#primaryimage\"},\"image\":{\"@id\":\"https:\/\/www.psychologie-froehlich.at\/?page_id=357#primaryimage\"},\"thumbnailUrl\":\"https:\/\/www.psychologie-froehlich.at\/wp-content\/uploads\/elementor\/thumbs\/img_diagnostik_stein-op0eud67qx23c7hw9fbzopd93kwu8rmlvkzdo8vb6g.jpg\",\"datePublished\":\"2020-05-03T19:38:45+00:00\",\"dateModified\":\"2022-12-12T16:28:46+00:00\",\"description\":\"Die klinisch-psychologischen Diagnostik bietet eine L\u00f6sung mittels psychologischer Tests, Frageb\u00f6gen und Interviews die, die psychische Befindlichkeit, die Pers\u00f6nlichkeitsstruktur, sowie Art und Ausma\u00df der psychischen Beeintr\u00e4chtigung und Leistungsf\u00e4higkeit untersucht.\",\"breadcrumb\":{\"@id\":\"https:\/\/www.psychologie-froehlich.at\/?page_id=357#breadcrumb\"},\"inLanguage\":\"de\",\"potentialAction\":[{\"@type\":\"ReadAction\",\"target\":[\"https:\/\/www.psychologie-froehlich.at\/?page_id=357\"]}]},{\"@type\":\"ImageObject\",\"inLanguage\":\"de\",\"@id\":\"https:\/\/www.psychologie-froehlich.at\/?page_id=357#primaryimage\",\"url\":\"https:\/\/www.psychologie-froehlich.at\/wp-content\/uploads\/elementor\/thumbs\/img_diagnostik_stein-op0eud67qx23c7hw9fbzopd93kwu8rmlvkzdo8vb6g.jpg\",\"contentUrl\":\"https:\/\/www.psychologie-froehlich.at\/wp-content\/uploads\/elementor\/thumbs\/img_diagnostik_stein-op0eud67qx23c7hw9fbzopd93kwu8rmlvkzdo8vb6g.jpg\"},{\"@type\":\"BreadcrumbList\",\"@id\":\"https:\/\/www.psychologie-froehlich.at\/?page_id=357#breadcrumb\",\"itemListElement\":[{\"@type\":\"ListItem\",\"position\":1,\"name\":\"Startseite\",\"item\":\"https:\/\/www.psychologie-froehlich.at\/\"},{\"@type\":\"ListItem\",\"position\":2,\"name\":\"Klinisch-psychologische Diagnostik\"}]},{\"@type\":\"WebSite\",\"@id\":\"https:\/\/www.psychologie-froehlich.at\/#website\",\"url\":\"https:\/\/www.psychologie-froehlich.at\/\",\"name\":\"Psychologie Lisa Fr\u00f6hlich\",\"description\":\"Psychologie Lisa Fr\u00f6hlich\",\"potentialAction\":[{\"@type\":\"SearchAction\",\"target\":{\"@type\":\"EntryPoint\",\"urlTemplate\":\"https:\/\/www.psychologie-froehlich.at\/?s={search_term_string}\"},\"query-input\":\"required name=search_term_string\"}],\"inLanguage\":\"de\"}]}<\/script>\n<!-- \/ Yoast SEO plugin. -->","yoast_head_json":{"title":"Klinisch-psychologische Diagnostik - Psychologie Lisa Fr\u00f6hlich","description":"Die klinisch-psychologischen Diagnostik bietet eine L\u00f6sung mittels psychologischer Tests, Frageb\u00f6gen und Interviews die, die psychische Befindlichkeit, die Pers\u00f6nlichkeitsstruktur, sowie Art und Ausma\u00df der psychischen Beeintr\u00e4chtigung und Leistungsf\u00e4higkeit untersucht.","robots":{"index":"index","follow":"follow","max-snippet":"max-snippet:-1","max-image-preview":"max-image-preview:large","max-video-preview":"max-video-preview:-1"},"canonical":"https:\/\/www.psychologie-froehlich.at\/?page_id=357","og_locale":"de_DE","og_type":"article","og_title":"Klinisch-psychologische Diagnostik - Psychologie Lisa Fr\u00f6hlich","og_description":"Die klinisch-psychologischen Diagnostik bietet eine L\u00f6sung mittels psychologischer Tests, Frageb\u00f6gen und Interviews die, die psychische Befindlichkeit, die Pers\u00f6nlichkeitsstruktur, sowie Art und Ausma\u00df der psychischen Beeintr\u00e4chtigung und Leistungsf\u00e4higkeit untersucht.","og_url":"https:\/\/www.psychologie-froehlich.at\/?page_id=357","og_site_name":"Psychologie Lisa Fr\u00f6hlich","article_modified_time":"2022-12-12T16:28:46+00:00","og_image":[{"url":"https:\/\/www.psychologie-froehlich.at\/wp-content\/uploads\/elementor\/thumbs\/img_diagnostik_stein-op0eud67qx23c7hw9fbzopd93kwu8rmlvkzdo8vb6g.jpg"}],"twitter_card":"summary_large_image","twitter_misc":{"Gesch\u00e4tzte Lesezeit":"2\u00a0Minuten"},"schema":{"@context":"https:\/\/schema.org","@graph":[{"@type":"WebPage","@id":"https:\/\/www.psychologie-froehlich.at\/?page_id=357","url":"https:\/\/www.psychologie-froehlich.at\/?page_id=357","name":"Klinisch-psychologische Diagnostik - Psychologie Lisa Fr\u00f6hlich","isPartOf":{"@id":"https:\/\/www.psychologie-froehlich.at\/#website"},"primaryImageOfPage":{"@id":"https:\/\/www.psychologie-froehlich.at\/?page_id=357#primaryimage"},"image":{"@id":"https:\/\/www.psychologie-froehlich.at\/?page_id=357#primaryimage"},"thumbnailUrl":"https:\/\/www.psychologie-froehlich.at\/wp-content\/uploads\/elementor\/thumbs\/img_diagnostik_stein-op0eud67qx23c7hw9fbzopd93kwu8rmlvkzdo8vb6g.jpg","datePublished":"2020-05-03T19:38:45+00:00","dateModified":"2022-12-12T16:28:46+00:00","description":"Die klinisch-psychologischen Diagnostik bietet eine L\u00f6sung mittels psychologischer Tests, Frageb\u00f6gen und Interviews die, die psychische Befindlichkeit, die Pers\u00f6nlichkeitsstruktur, sowie Art und Ausma\u00df der psychischen Beeintr\u00e4chtigung und Leistungsf\u00e4higkeit untersucht.","breadcrumb":{"@id":"https:\/\/www.psychologie-froehlich.at\/?page_id=357#breadcrumb"},"inLanguage":"de","potentialAction":[{"@type":"ReadAction","target":["https:\/\/www.psychologie-froehlich.at\/?page_id=357"]}]},{"@type":"ImageObject","inLanguage":"de","@id":"https:\/\/www.psychologie-froehlich.at\/?page_id=357#primaryimage","url":"https:\/\/www.psychologie-froehlich.at\/wp-content\/uploads\/elementor\/thumbs\/img_diagnostik_stein-op0eud67qx23c7hw9fbzopd93kwu8rmlvkzdo8vb6g.jpg","contentUrl":"https:\/\/www.psychologie-froehlich.at\/wp-content\/uploads\/elementor\/thumbs\/img_diagnostik_stein-op0eud67qx23c7hw9fbzopd93kwu8rmlvkzdo8vb6g.jpg"},{"@type":"BreadcrumbList","@id":"https:\/\/www.psychologie-froehlich.at\/?page_id=357#breadcrumb","itemListElement":[{"@type":"ListItem","position":1,"name":"Startseite","item":"https:\/\/www.psychologie-froehlich.at\/"},{"@type":"ListItem","position":2,"name":"Klinisch-psychologische Diagnostik"}]},{"@type":"WebSite","@id":"https:\/\/www.psychologie-froehlich.at\/#website","url":"https:\/\/www.psychologie-froehlich.at\/","name":"Psychologie Lisa Fr\u00f6hlich","description":"Psychologie Lisa Fr\u00f6hlich","potentialAction":[{"@type":"SearchAction","target":{"@type":"EntryPoint","urlTemplate":"https:\/\/www.psychologie-froehlich.at\/?s={search_term_string}"},"query-input":"required name=search_term_string"}],"inLanguage":"de"}]}},"_links":{"self":[{"href":"https:\/\/www.psychologie-froehlich.at\/index.php?rest_route=\/wp\/v2\/pages\/357"}],"collection":[{"href":"https:\/\/www.psychologie-froehlich.at\/index.php?rest_route=\/wp\/v2\/pages"}],"about":[{"href":"https:\/\/www.psychologie-froehlich.at\/index.php?rest_route=\/wp\/v2\/types\/page"}],"author":[{"embeddable":true,"href":"https:\/\/www.psychologie-froehlich.at\/index.php?rest_route=\/wp\/v2\/users\/1"}],"replies":[{"embeddable":true,"href":"https:\/\/www.psychologie-froehlich.at\/index.php?rest_route=%2Fwp%2Fv2%2Fcomments&post=357"}],"version-history":[{"count":31,"href":"https:\/\/www.psychologie-froehlich.at\/index.php?rest_route=\/wp\/v2\/pages\/357\/revisions"}],"predecessor-version":[{"id":633,"href":"https:\/\/www.psychologie-froehlich.at\/index.php?rest_route=\/wp\/v2\/pages\/357\/revisions\/633"}],"wp:attachment":[{"href":"https:\/\/www.psychologie-froehlich.at\/index.php?rest_route=%2Fwp%2Fv2%2Fmedia&parent=357"}],"curies":[{"name":"wp","href":"https:\/\/api.w.org\/{rel}","templated":true}]}}